 of h and q.
3
Suppose l - 11 - 15 = 0. Calculate the highest common divisor of 39 and l.
13
Suppose s - 3*s = -52. Let t = 35 - s. Calculate the greatest common factor of t and 6.
3
Let w be ((0 - 1)*-98)/1. What is the highest common factor of w and 14?
14
Suppose 121 = h - 9. Calculate the highest common divisor of h and 13.
13
Let i = 52 + -17. Calculate the highest common factor of 14 and i.
7
Suppose y = -2*b + 50, 196 = 4*y + 3*b + b. What is the greatest common divisor of y and 24?
24
Let w = -137 - -81. Let j = -32 - w. Calculate the highest common factor of 6 and j.
6
Suppose 5*q = 2*q + 18. What is the highest common divisor of 12 and q?
6
Suppose 4 = -4*p, 2*i = 5*i + p - 89. What is the greatest common divisor of i and 30?
30
Let m be 2/(-13) - 1572/(-78). What is the highest common divisor of m and 140?
20
Let u(c) = c**2 - 11*c + 18. Let f be u(10). Suppose -3*v + 73 = 4*z, v - 2 - 1 = 0. Let h be (16/1)/(4/z). Calculate the greatest common divisor of f and h.
8
Suppose -3*y = -y - 16. Suppose 4*i = 8*i - 8. Suppose 0 = 5*a + p - 25, a - i*p = 4*a - 22. Calculate the highest common divisor of y and a.
4
Let w = -51 + 54. Calculate the greatest common factor of w and 24.
3
Let b be 5*-14*28/(-40). Let q = -33 + b. Calculate the highest common divisor of q and 80.
16
Let i = -18 + 30. Suppose -5*k - 3082 - 3248 = 0. Let b be 4/(-14) + k/(-21). Calculate the highest common divisor of b and i.
12
Let m(f) = -13*f + 7. Let g be m(-6). Calculate the highest common factor of g and 34.
17
Let c(u) = u**2 + u - 12. Let z be c(-6). Calculate the highest common factor of z and 6.
6
Let v(n) = n**3 + 7*n**2 - 6*n - 8. Let b be v(-6). What is the greatest common divisor of b and 16?
16
Let w(j) = 3*j**2 + 2*j + 6. Let l be w(-8). What is the greatest common divisor of 26 and l?
26
Let c be 9*(2 - 4) - 0. Let r = c - -40. Let p be (-2 - -3)/(1/r). Calculate the highest common divisor of p and 66.
22
Let l(g) = -6*g - 1 + 4 - 2 + 5*g. Let p be l(7). Let b be 3/1*p/(-9). What is the highest common divisor of b and 5?
1
Let p be (61/(-3) - 1)/(26/(-78)). Suppose -q - b = -4*q + 26, 4*q + 4*b = 24. Calculate the greatest common factor of q and p.
8
Let t(m) = -m**2 - 8*m. Let g be t(-6). What is the greatest common factor of g and 4?
4
Let y(x) = -x - 4. Let l be y(-7). Suppose -5*k = 4*m + m - 25, 2*k = 5*m + l. Suppose -k*r = -0 - 36. What is the greatest common divisor of 36 and r?
9
Let j be (40/(-15))/((-6)/9). What is the highest common divisor of 10 and j?
2
Let b = 9 - 41. Let r = 11 + b. Let a = -6 - r. What is the highest common divisor of 120 and a?
15
Let k be 3*(-2 - 24/(-9)). Suppose k*d - 3 = -d. Let g be 27 + (0 - 1)/d. What is the greatest common divisor of 65 and g?
13
Let a(y) = 2*y**2 + 3*y. Let b be a(5). What is the greatest common divisor of b and 13?
13
Suppose l + 5*j - 25 = 0, -2*j + 23 = -5*l + 283. Suppose 0*k - 5*k = l. Let v be (-1 - k) + 0 - 1. What is the highest common factor of 24 and v?
8
Let u be 1/2 - (-44)/8. Let q be 8/3 - 5/(-15). Suppose -2*o + 4*t = -30, 2*o + 4*t - 33 = -q*o. Calculate the greatest common divisor of o and u.
3
Let l(i) = -i**2 + 4*i + 2. Let n be l(4). Let g be (-2 + 30/4)*n. Suppose -2*y - 3 = -5. What is the greatest common factor of y and g?
1
Let u be 87 + 1*6/(-3). Suppose 0 = -3*q + 69 - 18. What is the highest common factor of u and q?
17
Let z(c) = c**2 + 4*c + 3. Let t be z(5). Suppose 0*a + 160 = 5*a. Calculate the greatest common factor of a and t.
16
Suppose 0 = 2*y - y. Let p = y - -4. What is the greatest common divisor of 4 and p?
4
Let x = -132 - -168. Calculate the highest common divisor of 27 and x.
9
Let a(w) = w**2 - 3*w + 7. Let t be a(5). Suppose -59 = -q + 3*b, -b - 4*b = 5*q - 355. What is the highest common divisor of q and t?
17
Suppose -o - 4*o + 3*q + 483 = 0, 2*o + 4*q = 214. Calculate the highest common factor of o and 33.
33
Suppose -o + 3*r + 4 + 2 = 0, -5*r + 56 = 2*o. Let a = 57 + -39. Calculate the greatest common divisor of o and a.
18
Suppose 4 = 9*j - 185. Calculate the greatest common divisor of j and 21.
21
Let y be (-18)/(-12)*4/2. Calculate the greatest common divisor of 9 and y.
3
Let l be 6*(34/51)/(2/18). What is the highest common factor of l and 54?
18
Let u(z) = -4*z + 23. Let m be u(5). What is the greatest common factor of 6 and m?
3
Let x = -122 + 434. Let n be (-15)/2*x/(-10). Calculate the greatest common divisor of 26 and n.
26
Let i = -27 + 30. Suppose 0*w - 4 = 4*w, 54 = i*z + 3*w. Calculate the greatest common factor of 133 and z.
19
Suppose 0*u + u = 20. Suppose -3*s - 35 = -8*s. Let q = u - s. Calculate the greatest common factor of q and 39.
13
Let h(b) = -b**3 + 5*b**2 + b - 2. Let s be h(4). Let l = 2 - 2. Let x(z) = -z**3 + z**2 + z + 162. Let t be x(l). What is the highest common factor of s and t?
18
Suppose -2*m - 6 = 12. Let a = -5 - m. Suppose -75 = -a*c - c. Calculate the highest common factor of 10 and c.
5
Suppose -4*d + 5*j = -48, 3*d - 4*j - 36 = -8*j. Let q be d - (-6)/(-3)*-1. What is the highest common divisor of 112 and q?
14
Let w be (-3)/(12/40)*-9. Calculate the highest common factor of w and 10.
10
Let w = -21 + 41. Let l(q) = q - 26. Let y be l(6). Let s = y + 24. What is the greatest common divisor of w and s?
4
Let o = 205 + -173. Calculate the greatest common divisor of o and 40.
8
Let g = -16 - -19. Suppose -91 = -g*x + 26. What is the greatest common factor of 26 and x?
13
Let t(o) = -4*o - 4. Let s be t(-3). Suppose 3*c = -2*c + 40. Calculate the greatest common factor of s and c.
8
Let o = -5 + 7. Suppose -7 = 2*z + 4*u - 51, 5*u = o*z - 71. What is the greatest common divisor of 70 and z?
14
Suppose -5*d = -4*d - 3. What is the highest common divisor of d and 21?
3
Let n(z) = 8*z + 1. Let w be n(1). Let j = 286 - 143. Suppose 2*k = -q + j, k - 5*q = 58 + 19. What is the highest common divisor of k and w?
9
Let b be 2*(-15)/(-6) + 3. What is the highest common divisor of 1 and b?
1
Suppose 2*b - 108 = b. What is the highest common divisor of b and 12?
12
Let i = -54 + 76. Calculate the greatest common divisor of i and 11.
11
Let u(s) = -61*s + 7. Let c be u(-6). Suppose 5*f + 2*d = -2*d + c, -5*f - 5*d + 370 = 0. Calculate the highest common divisor of f and 11.
11
Let z be ((-52)/(-6))/(1/((-15)/(-2))). What is the greatest common divisor of z and 13?
13
Let l(z) = 4*z + 10. Let t be l(-9). Let i = 82 - t. What is the greatest common factor of 12 and i?
12
Suppose 8*d + 105 = 11*d. What is the highest common divisor of d and 5?
5
Let r(j) be the first derivative of 1 - 1/2*j**2 + 22*j - 1/3*j**3. Let k be r(0). What is the highest common factor of 2 and k?
2
Let f = -9 + 9. Let j be (5/2)/(-5)*f. Suppose j*c - 5*c = -105. Calculate the greatest common factor of 147 and c.
21
Suppose -s = 1 + 90. Let u be (-5)/(-20) - s/4. What is the greatest common factor of 92 and u?
23
Let i(u) = u**3 + 3*u**2 - 3*u - 7. Let l be i(-3). Let s = -2 + 12. What is the highest common divisor of l and s?
2
Let t(j) be the second derivative of j**3/6 + 28*j**2 + j. Let g be t(0). Let o be 28*((-2)/4 - -1). What is the highest common factor of o and g?
14
Let d be (-38)/(-6) - 6/18. Let o be -1 + -1 + d + 13. Calculate the highest common divisor of o and 17.
17
Let o be (5 - 6)*2*-6. What is the greatest common factor of 132 and o?
12
Let i(r) = -r**3 - 6*r**2 - 12. Let u be i(-9). Calculate the highest common factor of u and 21.
21
Suppose 4*h - 13 = 7. Let l be h - (-1 + 0 + 0). Let k be 11*5 + (l - 5). What is the highest common factor of 14 and k?
14
Let f(l) = l + 0*l + 0*l - 6 + l. Let t be f(6). Calculate the highest common factor of 54 and t.
6
Suppose -5*p - 50 = -10*p. Calculate the highest common divisor of p and 20.
10
Let l = 314 + -312. Let w(f) = -7*f + 1. Let b be w(-3). What is the highest common divisor of l and b?
2
Let y(l) = -l**3 - l + 1. Let x(d) = -5*d**3 - 2*d**2 - 6*d - 2. Let m(n) = x(n) - 2*y(n). Let h be m(-2). Calculate the highest common divisor of 30 and h.
10
Let z(n) = 2*n**2 - 13*n + 9. Let j be z(9). Suppose 0*y = y - j. Calculate the highest common factor of 6 and y.
6
Let z(g) = -g**2 - 12*g + 1. Suppose 34 = -2*m + 4*o, 3*o = 15 - 3. Let u be z(m). Calculate the greatest commo